?
True
Is 36279154381 a prime number?
True
Is 14665577821 a composite number?
False
Is 1876058791 a composite number?
False
Is 1030882733 composite?
True
Is 50639381783 a prime number?
True
Is 2679232821 a prime number?
False
Is 65668873 prime?
True
Is 13124728403 a composite number?
True
Is 380562919 a composite number?
True
Is 9368482715 composite?
True
Is 3202161601 a prime number?
True
Is 11555822251 prime?
True
Is 644200127 prime?
False
Is 1086226171 composite?
True
Is 2572997003 a composite number?
False
Is 2444911571 composite?
True
Is 21833329753 prime?
True
Is 950921801 a composite number?
False
Is 49124371 composite?
False
Is 3180819059 composite?
True
Is 743967461 prime?
False
Is 154504631 a composite number?
False
Is 15641878459 composite?
True
Is 729150299 prime?
True
Is 162566429 composite?
False
Is 5634781381 prime?
True
Is 3664422911 prime?
True
Is 294832621 a composite number?
True
Is 2924703637 a composite number?
False
Is 20730727961 a composite number?
False
Is 143566781 a composite number?
False
Is 5397530353 a prime number?
False
Is 5430082706 prime?
False
Is 4671604163 prime?
False
Is 540011627 composite?
False
Is 3405720553 a composite number?
True
Is 669422653 a prime number?
True
Is 6835846129 composite?
True
Is 5818972171 a prime number?
True
Is 387416165 a composite number?
True
Is 6744097621 prime?
True
Is 579675937 prime?
True
Is 11288025349 composite?
False
Is 644328229 composite?
True
Is 3881561353 composite?
False
Is 300798217 prime?
False
Is 195117523 prime?
True
Is 9102234081 prime?
False
Is 89432719471 prime?
True
Is 6378343327 a prime number?
True
Is 166396432499 composite?
True
Is 133929006413 a composite number?
False
Is 7475657431 a composite number?
True
Is 9094806101 composite?
False
Is 5081036866 composite?
True
Is 2264702941 a composite number?
True
Is 480692281 a prime number?
False
Is 4019703139 a composite number?
False
Is 14331587291 a composite number?
True
Is 30677345197 a composite number?
False
Is 1015347 composite?
True
Is 1619576773 a composite number?
False
Is 5203760183 a prime number?
False
Is 234070817 a composite number?
True
Is 3627248633 prime?
True
Is 84304018615 composite?
True
Is 2356402669 a prime number?
False
Is 272994151 prime?
True
Is 27381928723 prime?
False
Is 32942113 a prime number?
False
Is 165247172491 prime?
True
Is 1633593233 a prime number?
True
Is 12802530569 prime?
True
Is 130883575429 prime?
True
Is 149802004491 a composite number?
True
Is 34363128209 a composite number?
False
Is 3946382359 a composite number?
True
Is 21061404311 prime?
False
Is 386948563 a composite number?
False
Is 57468519367 composite?
True
Is 15428271511 a composite number?
True
Is 8231919413 prime?
True
Is 1569127937 a composite number?
True
Is 1537659983 a composite number?
True
Is 19316992561 a prime number?
False
Is 15746722337 a prime number?
True
Is 140542333 prime?
True
Is 38275140229 prime?
False
Is 2124546403 a prime number?
False
Is 45074058751 a prime number?
True
Is 558389941 a composite number?
False
Is 35196769091 a prime number?
False
Is 740060239 a prime number?
False
Is 108849781 a prime number?
True
Is 894419333 a composite number?
False
Is 64535825489 composite?
False
Is 116596967111 composite?
False
Is 199618649 a composite number?
False
Is 113474500963 a composite number?
True
Is 3168930197 prime?
True
Is 112325113 composite?
False
Is 272615957 composite?
True
Is 2164677311 prime?
True
Is 20425024001 prime?
False
Is 392375993 prime?
False
Is 12477781067 a composite number?
False
Is 267222797 a composite number?
False
Is 236466826 a composite number?
True
Is 7273331719 a composite number?
False
Is 101047369507 a prime number?
False
Is 2184925667 a composite number?
True
Is 8123182439 composite?
True
Is 48687544391 a composite number?
True
Is 15062083513 prime?
True
Is 3049489591 prime?
True
Is 79219091783 a composite number?
True
Is 662529761 prime?
False
Is 2833609781 a prime number?
False
Is 84137299 composite?
False
Is 1478492153 composite?
False
Is 797593105 a composite number?
True
Is 85869809 a composite number?
False
Is 645812507 a prime number?
False
Is 82792559053 a prime number?
True
Is 12744673411 a composite number?
True
Is 1349487467 composite?
False
Is 2542047979 a composite number?
True
Is 3706672769 a prime number?
False
Is 4321873459 a prime number?
True
Is 14233019663 composite?
False
Is 4823799581 composite?
True
Is 17311268519 a composite number?
False
Is 2466206837 a composite number?
False
Is 34795655893 composite?
True
Is 8847470087 prime?
True
Is 5533437343 a prime number?
False
Is 710057983 prime?
False
Is 17112591589 a composite number?
False
Is 1360690537 composite?
True
Is 8642682499 composite?
True
Is 4778952077 composite?
False
Is 5360208593 a prime number?
True
Is 201414724003 a composite number?
False
Is 6224776693 a composite number?
False
Is 142172198591 a prime number?
True
Is 19158035563 composite?
True
Is 2247141061 a prime number?
False
Is 2868054169 a prime number?
True
Is 958837097 prime?
False
Is 38446539541 a prime number?
True
Is 40630895399 a prime number?
True
Is 911124671 a prime number?
True
Is 894172637 prime?
True
Is 59502431071 composite?
False
Is 12368382251 a prime number?
True
Is 10484934458 a composite number?
True
Is 2057438813 a composite number?
True
Is 22511751041 a prime number?
False
Is 1187365297 prime?
True
Is 13151406307 composite?
True
Is 227255200129 prime?
False
Is 4308536959 composite?
True
Is 3798427889 composite?
True
Is 20672157523 a prime number?
True
Is 5096517511 a prime number?
False
Is 31592959457 prime?
False
Is 3137876387 a composite number?
True
Is 4407045837 composite?
True
Is 4871656763 prime?
False
Is 5580210409 prime?
False
Is 26175023819 composite?
True
Is 88826763 composite?
True
Is 77258774 a composite number?
True
Is 503956994183 composite?
False
Is 944558651 composite?
False
Is 56874981671 composite?
True
Is 158871471751 composite?
True
Is 541070977 a composite number?
False
Is 64470825163 composite?
True
Is 21946492471 a prime number?
True
Is 41115704689 a prime number?
False
Is 766788331 prime?
True
Is 26243752881 composite?
True
Is 1017277 prime?
True
Is 1486842013 prime?
True
Is 26420738453 composite?
False
Is 2928120061 prime?
True
Is 1119908737 a composite number?
True
Is 1091577841 a composite number?
False
Is 25771227341 prime?
False
Is 561206749 a prime number?
True
Is 5536059351 prime?
False
Is 1805992667 a prime number?
False
Is 3763858807 a prime number?
True
Is 385789457 a prime number?
False
Is 14972346007 prime?
True
Is 4632487619 a composite number?
False
Is 1594352051 prime?
True
Is 260316899 composite?
False
Is 425007239 a prime number?
True
Is 61287486133 prime?
False
Is 71682377747 a prime number?
True
Is 108161479937 composite?
True
Is 578166887 composite?
True
Is 9718536731 a prime number?
True
Is 91504840837 a composite number?
False
Is 2196441263 prime?
True
Is 501702661 a composite number?
False
Is 22942511213 a composite number?
True
Is 31719012907 a composite number?
False
Is 9767501813 composite?
True
Is 12745427447 composite?
False
Is 723233293 prime?
True
Is 145890769 composite?
False
Is 14505803849 a composite number?
True
Is 808573037 prime?
True
Is 180144383 prime?
False
Is 3215100341 prime?
False
Is 35211917693 prime?
True
Is 2588339323 a prime number?
False
Is 92791719235 prime?
False
Is 11947916603 prime?
False
Is 6109521979 composite?
True
Is 787108897 prime?
True
Is 14377837121 a composite number?
False
Is 26579660869 composite?
False
Is 5561604823 a composite number?
False
Is 39688013359 prime?
True
Is 4133134889 composite?
True
Is 5211386281 a prime number?
True
Is 623340521 composite?
False
Is 6053292577 a composite number?
False
Is 7336367371 prime?
True
Is 1039813513 prime?
False
Is 1173142279 a prime number?
True
Is 26917906589 a prime number?
False
Is 168592577329 prime?
False
Is 656365943 prime?
True
Is 1296888829 prime?
True
Is 2993541571 a composite number?
False
Is 120937801343 a prime number?
True
Is 10674478327 prime?
False
Is 12308367634 prime?
False
Is 1267685243 a prime number?
False
Is 3665452447 composite?
False
Is 121384177 composite?
False
Is 21673620821 a composite number?
False
Is 80123307619 prime?
True
Is 7358443397 a pri